 - (-1 - 3)?
2
Let y(a) = -6*a**3 - a. Let p be y(-1). Let g = p + 11. Suppose -5*o = -o - 40. Calculate the remainder when g is divided by o.
8
Let j(x) = x**2 - 2*x**2 + 4*x**2 - 2*x + 3. Suppose -5*v + 6 = -2*v. What is the remainder when 31 is divided by j(v)?
9
Calculate the remainder when ((-40)/6)/((-12)/72) is divided by 11.
7
Suppose 2*v - 14 = 28. Calculate the remainder when v is divided by 3.
0
Calculate the remainder when 2 - 2 - (-13 - -6) is divided by 5.
2
Let b be (-10 - -8)*(-29)/2. Let z = 11 + b. Calculate the remainder when z is divided by 21.
19
Suppose 21 = 2*g - 11. Calculate the remainder when 60 is divided by g.
12
Let q = -3 + 8. Let j be (-4)/(-18) - 129/(-27). Suppose -j*m = -3*s - 53 - 7, -3*m + 42 = -3*s. What is the remainder when m is divided by q?
4
Let k be (553/(-14))/((-1)/2). Suppose -3*d + k = 16. What is the remainder when d is divided by 12?
9
Let f be (-1)/2*(-14 - 0). Let o = -4 + 47. Suppose -2*m - f = -o. What is the remainder when m is divided by 10?
8
Let q(b) = b**3 + b**2 + b - 1. Let x be q(1). Suppose x*u - 13 - 9 = 0. Calculate the remainder when (8/5)/((-11)/(-220)) is divided by u.
10
Let y be 56/40 + (-3)/(-5). Suppose -4*w + 15 = -3*w + 4*x, 5*w = y*x - 35. What is the remainder when 32 is divided by (-224)/(-20) - (-1)/w?
10
Let q = -4 + 25. Let x(g) = -g - 2. Let u be x(-4). Suppose -3*m = -5*h - 143, 17 + 45 = u*m + 5*h. What is the remainder when m is divided by q?
20
Let a be (3 + -1)*5/2. Let k = 0 + a. What is the remainder when 13 is divided by k?
3
Suppose 5*v + 4 = -1. Suppose 272 = 9*q + 38. Calculate the remainder when q is divided by 0*v/2 - -9.
8
Let w be -2*(1/(-2) + -1). Suppose -w*q + 6*q - 96 = 0. Let n(t) = -t**3 - 5*t**2 + 2*t - 7. What is the remainder when q is divided by n(-6)?
15
Let w(l) = l + 22. What is the remainder when w(-7) is divided by 4?
3
Let b(y) = 3*y**2 + 3*y + 1. What is the remainder when 56 is divided by b(-3)?
18
Suppose -y - 112 = y - 4*g, 3*g = 4*y + 234. Let i = -29 - y. Calculate the remainder when i is divided by 11.
9
Let t(d) = d**2 - 2*d + 6. Suppose 5*n = -2*m + 26, 3*n + n = -m + 19. Calculate the remainder when t(n) is divided by 4.
2
Let m be 0 - (-2 - -6)/(-2). Suppose m*q + 0 = 8. Let d = -18 + 29. Calculate the remainder when d is divided by q.
3
Suppose 54 = 4*u - 50. What is the remainder when 70 is divided by u?
18
Let v(n) = -n - 10. Let y be v(-14). Suppose y*q - q = 12. What is the remainder when 11 is divided by q?
3
Let p be ((-12)/(-9))/((-4)/(-6)). Suppose 0 = -p*f + 3*f - 63. Let z = f - 20. Calculate the remainder when z is divided by 15.
13
Suppose -3*k - 5*o - 280 = -7*k, 5*k + o = 321. What is the remainder when k is divided by 17?
14
Let i(t) = 2*t**2 - 4*t + 5. Calculate the remainder when 67 is divided by i(5).
32
Let k = 49 + -13. What is the remainder when 142 is divided by k?
34
Let k = 18 + -11. What is the remainder when 19 is divided by k?
5
Let w be (2/(-3))/(2/42). Let q = 1 - w. What is the remainder when 57 is divided by q?
12
Let f(g) = g**3 - 8*g**2 - g + 18. Calculate the remainder when 68 is divided by f(8).
8
Let r(a) = 0*a - 1 - 3*a - 8*a**2 + a. Let b be r(-2). Let m = 0 - b. Calculate the remainder when m is divided by 15.
14
Let o(s) = s**2 + 2*s + 1. Let f be o(-3). Suppose -f*n = -8*n. Suppose 0 = 4*m - n - 8. What is the remainder when m is divided by 1?
0
Let l = 2 + 0. Suppose 5*h + f - 16 = 0, 2*h + f = l*f + 12. Let d = 37 - 26. What is the remainder when d is divided by h?
3
Suppose 0 = -5*y + 2*o + 42, 5*y - 66 = -3*o - o. Let d = 8 + -11. What is the remainder when ((-19)/d)/(3/9) is divided by y?
9
Let c = -155 + 255. Calculate the remainder when c is divided by 17.
15
Suppose s = n + 20, 2*s + n - 28 = 21. Let l = 46 - s. What is the remainder when 44 is divided by l?
21
Let u(j) = j + 7. Calculate the remainder when 1/((-28)/(-27) + -1) is divided by u(7).
13
Let t = 67 - 55. What is the remainder when 18 is divided by t?
6
Let m = -16 - -24. What is the remainder when 22 is divided by m?
6
Let j = -48 - -135. Calculate the remainder when j is divided by 18.
15
Let w(t) = -5*t + 7. Calculate the remainder when 140 is divided by w(-6).
29
Let g = 7 + -4. Let q(d) = -4 + 2*d - 3*d**3 + 4*d**3 - 3*d**2 + d**3. What is the remainder when q(g) is divided by 10?
9
Suppose -2*q = 10, 2*s - 2*q - 50 = 2*q. What is the remainder when 222 is divided by s?
12
What is the remainder when (2/(-3))/(6/(-1611)) is divided by 30?
29
Let o(w) be the first derivative of -5*w**2/2 - 2*w + 1. Calculate the remainder when 23 is divided by o(-2).
7
Suppose -17*d + 126 = -15*d. Calculate the remainder when d is divided by 22.
19
Let v(r) = r**2 + 3*r. Let k be v(-4). Suppose 0*l + k*c + 1 = -5*l, 3*l + 4*c = -7. Calculate the remainder when l is divided by 2.
1
Let r = -43 + 54. What is the remainder when 52 is divided by r?
8
Let b(y) = 3*y**2 + 23*y - 12. Calculate the remainder when 69 is divided by b(-9).
21
Suppose -k + 2*f = k - 32, 0 = 2*k + 5*f + 3. What is the remainder when k is divided by 3?
2
Suppose 551 = 4*a + 179. What is the remainder when a is divided by 16?
13
Suppose 2*h + 0*h = -4*m + 12, -2*h + 17 = 5*m. Suppose 159 = m*r - 4*y, 3*r - 4*r = 3*y - 28. Calculate the remainder when r is divided by (2/(-4) + 0)*-22.
9
Let c = 115 - 100. What is the remainder when c is divided by 8?
7
Suppose -z + 2 = 0, p - 5*z + z = 4. Suppose 148 = 9*v - 257. What is the remainder when v is divided by p?
9
Let t = 20 + -5. Let f = 0 + 0. Let m(k) = -k**2 + k + 8. Calculate the remainder when t is divided by m(f).
7
Let m(p) = -p + 16. Calculate the remainder when 10 is divided by m(10).
4
Let h(t) = -3*t + 14. Suppose 2*p = -2*p + 68. What is the remainder when h(-12) is divided by p?
16
Suppose 3*l - l - 36 = -3*s, 5*s + 4*l = 60. Suppose 33 = 5*d - v, 3*d - 13 = 4*v - 0. What is the remainder when s is divided by d?
5
Let d(i) be the second derivative of 2*i**3/3 + 2*i**2 + 2*i. Calculate the remainder when d(7) is divided by 11.
10
Suppose 0*u + 3*u = 129. Calculate the remainder when u is divided by 15.
13
Let a be 2/(-7) + 92/28. Suppose 5*g = 4*u - 225, -2*g + 306 = a*u + 2*u. What is the remainder when u is divided by 21?
18
What is the remainder when ((-56)/4)/((-4)/6) is divided by 7?
0
Let w(v) = 2*v**2 - 3. Calculate the remainder when 59 is divided by w(3).
14
Suppose 3*z - 2 = z. What is the remainder when z is divided by 1?
0
Calculate the remainder when (-2)/(-7) - 708/(-21) is divided by 12.
10
Let u(g) = -2*g + 8. Suppose 308 = 3*i + 83. Suppose v + 3*t - i = -t, 4*t - 16 = 0. Calculate the remainder when v is divided by u(-6).
19
Suppose 7 - 4 = f. Suppose 4*m + 238 = 5*y, -y = f*m - 4 - 36. Let s(q) = -3*q**3 - 4*q**2 - 3*q - 2. What is the remainder when y is divided by s(-2)?
10
Let u(h) = 5*h**3 - 2*h**2 + 4*h - 5. Suppose -w = -6*w. Suppose w = 4*z - 2*z - 24. Calculate the remainder when u(2) is divided by z.
11
Let f be (-2)/3*153/(-6). Suppose 0 = 4*r - f + 1. Calculate the remainder when 11 is divided by (r + -8)*(-1)/1.
3
Suppose 13 = 5*b - 17. What is the remainder when b is divided by 6?
0
Suppose 0 = z - 3 - 4. What is the remainder when 9 - ((-6)/1)/(42/28) is divided by z?
6
Let d(m) = 7*m - 6. Calculate the remainder when 260 is divided by d(5).
28
Suppose -l + 9 = 2*l. Calculate the remainder when 9 is divided by l.
0
Suppose 2*z + 15 = 3. Let c be ((-12)/(-16))/(z/(-16)). What is the remainder when 7 is divided by 0 + c - -3 - 1?
3
Let q be ((-21)/(-6))/((-2)/(-12)). Let c = 43 - q. Calculate the remainder when c is divided by ((-1)/(-2))/((-3)/(-48)).
6
Let z(l) = l**3 + 4*l**2 - l. Let q be z(4). Suppose 0*w - 4*w = -q. Suppose 3*r - 46 = -5*a, a + 5*r = -3 - 1. Calculate the remainder when w is divided by a.
9
What is the remainder when 5 + -4 + 62/2 is divided by 18?
14
Suppose 6*i = -6 - 0. Calculate the remainder when 58 is divided by (20/(-4))/(i/3).
13
Suppose 5*b = -0*j - 2*j + 24, -2*b = -4*j. Let x be b/(4/5) + 0. Suppose -x*g + 46 = -4. What is the remainder when 29 is divided by g?
9
Let s be (-1)/2 - 7/2. What is the remainder when (-73 - 7)*s/10 is divided by (-1 - 0)*1*-17?
15
Let m be 4/2*(-9)/(-6). Suppose 0 = m*a + a - 4*f - 12, 8 = -4*f. Let z =